{"id":230,"date":"2019-11-08T14:11:46","date_gmt":"2019-11-08T12:11:46","guid":{"rendered":"https:\/\/hyotynen.iki.fi\/kotiautomaatio\/?page_id=230"},"modified":"2019-11-08T14:11:46","modified_gmt":"2019-11-08T12:11:46","slug":"tietosuojaseloste","status":"publish","type":"page","link":"https:\/\/hyotynen.iki.fi\/kotiautomaatio\/tietosuojaseloste\/","title":{"rendered":"Tietosuojaseloste"},"content":{"rendered":"<h2>Mit\u00e4 henkil\u00f6tietoa ker\u00e4t\u00e4\u00e4n ja miksi<\/h2>\n<h3>Kommentit<\/h3>\n<p>Kun sivuston k\u00e4ytt\u00e4j\u00e4t j\u00e4tt\u00e4v\u00e4t kommentteja sivustolle, kommenttilomakkeessa olevat tiedot, sek\u00e4 k\u00e4ytt\u00e4j\u00e4n IP-osoitteen ja selaimen versiotiedot ker\u00e4t\u00e4\u00e4n roskaviestien tunnistamisen helpottamiseksi.<\/p>\n<p>S\u00e4hk\u00f6postiosoitteesta luotu anonymisoitu hajautustieto (hash) voidaan l\u00e4hett\u00e4\u00e4 Gravatar-palveluun, jotta tiedet\u00e4\u00e4n onko kommentoija palvelun k\u00e4ytt\u00e4j\u00e4. Gravatar-palvelun tietosuojaseloste l\u00f6ytyy osoitteesta https:\/\/automattic.com\/privacy\/.<\/p>\n<h3>Media<\/h3>\n<p>Mik\u00e4li lataat kuvia t\u00e4lle sivustolle, sinun tulee v\u00e4ltt\u00e4\u00e4 sellaisten kuvien lataamista, joissa on tallennettu paikkatieto (EXIF GPS). Sivuston vierailijat voivat ladata ja katsoa paikkatietoa kuvista, joita sivustolla on.<\/p>\n<h3>Ev\u00e4steet<\/h3>\n<p>Jos j\u00e4t\u00e4t kommentin sivustolle, voit valita nimen, s\u00e4hk\u00f6postiosoitteen ja url-osoitteen tallennuksen ev\u00e4steeseen. T\u00e4m\u00e4 toiminto lis\u00e4\u00e4 k\u00e4ytt\u00f6mukavuutta, koska lomaketta ei tarvitse t\u00e4ytt\u00e4\u00e4 jokaisella kerralla uudelleen kommenttia lis\u00e4tess\u00e4. Ev\u00e4stetieto poistetaan selaimesta vuoden kuluttua.<\/p>\n<p>Mik\u00e4li sinulla on tili ja kirjaudut sivustolle asetetaan v\u00e4liaikainen ev\u00e4ste, joka p\u00e4\u00e4ttelee tukeeko selaimesi ev\u00e4steit\u00e4 vai ei. T\u00e4m\u00e4 ev\u00e4ste ei sis\u00e4ll\u00e4 henkil\u00f6tietoa ja se poistetaan kun selainikkuna suljetaan.<\/p>\n<p>Kun kirjaudut sis\u00e4\u00e4n asetetaan ev\u00e4steit\u00e4, jotka tallentavat kirjautumis- sek\u00e4 n\u00e4ytt\u00f6asetuksesi. Kirjautumisev\u00e4steet poistetaan kahden vuorokauden kuluessa, n\u00e4ytt\u00f6asetuksiin liittyv\u00e4t ev\u00e4steet poistuvat vuoden p\u00e4\u00e4st\u00e4. Mik\u00e4li valitset \u201cMuista minut\u201d kirjautumisen yhteydess\u00e4, kirjautumistietojasi s\u00e4ilytet\u00e4\u00e4n kahden viikon ajan. Mik\u00e4li kirjaudut ulos, kirjautumiseen liittyv\u00e4t ev\u00e4steet poistetaan samassa yhteydess\u00e4.<\/p>\n<p>Sivuston seurantaan k\u00e4ytet\u00e4\u00e4n Googlen Analytics palvelua. Seurannan tarkoitus on ker\u00e4t\u00e4 tilastotietoa esimerkiksi sivun k\u00e4vij\u00e4m\u00e4\u00e4r\u00e4st\u00e4 sek\u00e4 suosituimmista sis\u00e4ll\u00f6ist\u00e4. Lis\u00e4tietoja Googlen ev\u00e4steist\u00e4 voit lukea t\u00e4\u00e4lt\u00e4:&nbsp;<a href=\"https:\/\/www.google.com\/policies\/technologies\/cookies\/\">Googlen ev\u00e4stek\u00e4yt\u00e4nt\u00f6.<\/a><\/p>\n<h2>Kuinka kauan s\u00e4ilyt\u00e4mme tietoa<\/h2>\n<p>Mik\u00e4li j\u00e4t\u00e4t kommentin, kommenttia ja sen metatietoa s\u00e4ilytet\u00e4\u00e4n toistaiseksi. T\u00e4m\u00e4 tehd\u00e4\u00e4n siksi, ett\u00e4 voimme tunnistaa ja hyv\u00e4ksy\u00e4 seuraavat kommentit automaattisesti sen sijaan, ett\u00e4 s\u00e4ilytt\u00e4isimme ne moderointijonossa.<\/p>\n<p>Rekister\u00f6ityneiden k\u00e4ytt\u00e4jien (jos sellaisia on) k\u00e4ytt\u00e4j\u00e4profiilien tiedot tallennetaan. Kaikilla k\u00e4ytt\u00e4jill\u00e4 on mahdollisuus n\u00e4hd\u00e4, muokata ja poistaa omia henkil\u00f6tietojaan milloin vain. Ainoastaan k\u00e4ytt\u00e4j\u00e4nime\u00e4 ei voi muuttaa. Verkkosivuston yll\u00e4pit\u00e4j\u00e4t voivat n\u00e4hd\u00e4 ja muokata k\u00e4ytt\u00e4j\u00e4profiilien tietoja.<\/p>\n<h2>Mit\u00e4 oikeuksia sinulla on omaan tietoosi<\/h2>\n<p>Mik\u00e4li sinulla on k\u00e4ytt\u00e4j\u00e4tili t\u00e4lle sivustolle tai olet j\u00e4tt\u00e4nyt kommentteja, voit pyyt\u00e4\u00e4 koostetiedostoa omista henkil\u00f6tiedoistasi, sis\u00e4lt\u00e4en kaiken henkil\u00f6tiedon, jonka olet antanut. Voit my\u00f6s pyyt\u00e4\u00e4 henkil\u00f6tietojesi poistoa.<\/p>\n<h2>Minne l\u00e4het\u00e4mme tietosi<\/h2>\n<p>Vierailijoiden kommentteja saatetaan tarkistaa automatisoidun roskapostiestopalvelun kautta.<\/p>\n","protected":false},"excerpt":{"rendered":"<p>Mit\u00e4 henkil\u00f6tietoa ker\u00e4t\u00e4\u00e4n ja miksi Kommentit Kun sivuston k\u00e4ytt\u00e4j\u00e4t j\u00e4tt\u00e4v\u00e4t kommentteja sivustolle, kommenttilomakkeessa olevat tiedot, sek\u00e4 k\u00e4ytt\u00e4j\u00e4n IP-osoitteen ja selaimen versiotiedot ker\u00e4t\u00e4\u00e4n roskaviestien tunnistamisen helpottamiseksi. S\u00e4hk\u00f6postiosoitteesta luotu anonymisoitu hajautustieto (hash) voidaan l\u00e4hett\u00e4\u00e4 Gravatar-palveluun, jotta tiedet\u00e4\u00e4n onko kommentoija palvelun k\u00e4ytt\u00e4j\u00e4. Gravatar-palvelun tietosuojaseloste l\u00f6ytyy osoitteesta https:\/\/automattic.com\/privacy\/. Media Mik\u00e4li lataat kuvia t\u00e4lle sivustolle, sinun tulee v\u00e4ltt\u00e4\u00e4 sellaisten kuvien lataamista, joissa on tallennettu paikkatieto (EXIF GPS). Sivuston vierailijat voivat ladata ja katsoa paikkatietoa kuvista, joita sivustolla on. Ev\u00e4steet Jos j\u00e4t\u00e4t kommentin sivustolle, voit valita&#8230;<\/p>\n<p class=\"read-more\"><a class=\"btn btn-default\" href=\"https:\/\/hyotynen.iki.fi\/kotiautomaatio\/tietosuojaseloste\/\"> Read More<span class=\"screen-reader-text\">  Read More<\/span><\/a><\/p>\n","protected":false},"author":1,"featured_media":0,"parent":0,"menu_order":0,"comment_status":"closed","ping_status":"closed","template":"","meta":{"_monsterinsights_skip_tracking":false,"_monsterinsights_sitenote_active":false,"_monsterinsights_sitenote_note":"","_monsterinsights_sitenote_category":0,"jetpack_post_was_ever_published":false,"footnotes":""},"class_list":["post-230","page","type-page","status-publish","hentry"],"yoast_head":"<!-- This site is optimized with the Yoast SEO plugin v26.4 - https:\/\/yoast.com\/wordpress\/plugins\/seo\/ -->\n<title>Tietosuojaseloste - Kotiautomaatio<\/title>\n<meta name=\"robots\" content=\"index, follow, max-snippet:-1, max-image-preview:large, max-video-preview:-1\" \/>\n<link rel=\"canonical\" href=\"https:\/\/hyotynen.iki.fi\/kotiautomaatio\/tietosuojaseloste\/\" \/>\n<meta property=\"og:locale\" content=\"fi_FI\" \/>\n<meta property=\"og:type\" content=\"article\" \/>\n<meta property=\"og:title\" content=\"Tietosuojaseloste - Kotiautomaatio\" \/>\n<meta property=\"og:description\" content=\"Mit\u00e4 henkil\u00f6tietoa ker\u00e4t\u00e4\u00e4n ja miksi Kommentit Kun sivuston k\u00e4ytt\u00e4j\u00e4t j\u00e4tt\u00e4v\u00e4t kommentteja sivustolle, kommenttilomakkeessa olevat tiedot, sek\u00e4 k\u00e4ytt\u00e4j\u00e4n IP-osoitteen ja selaimen versiotiedot ker\u00e4t\u00e4\u00e4n roskaviestien tunnistamisen helpottamiseksi. S\u00e4hk\u00f6postiosoitteesta luotu anonymisoitu hajautustieto (hash) voidaan l\u00e4hett\u00e4\u00e4 Gravatar-palveluun, jotta tiedet\u00e4\u00e4n onko kommentoija palvelun k\u00e4ytt\u00e4j\u00e4. Gravatar-palvelun tietosuojaseloste l\u00f6ytyy osoitteesta https:\/\/automattic.com\/privacy\/. Media Mik\u00e4li lataat kuvia t\u00e4lle sivustolle, sinun tulee v\u00e4ltt\u00e4\u00e4 sellaisten kuvien lataamista, joissa on tallennettu paikkatieto (EXIF GPS). Sivuston vierailijat voivat ladata ja katsoa paikkatietoa kuvista, joita sivustolla on. Ev\u00e4steet Jos j\u00e4t\u00e4t kommentin sivustolle, voit valita... Read More Read More\" \/>\n<meta property=\"og:url\" content=\"https:\/\/hyotynen.iki.fi\/kotiautomaatio\/tietosuojaseloste\/\" \/>\n<meta property=\"og:site_name\" content=\"Kotiautomaatio\" \/>\n<meta name=\"twitter:card\" content=\"summary_large_image\" \/>\n<meta name=\"twitter:label1\" content=\"Arvioitu lukuaika\" \/>\n\t<meta name=\"twitter:data1\" content=\"2 minuuttia\" \/>\n<script type=\"application\/ld+json\" class=\"yoast-schema-graph\">{\"@context\":\"https:\/\/schema.org\",\"@graph\":[{\"@type\":\"WebPage\",\"@id\":\"https:\/\/hyotynen.iki.fi\/kotiautomaatio\/tietosuojaseloste\/\",\"url\":\"https:\/\/hyotynen.iki.fi\/kotiautomaatio\/tietosuojaseloste\/\",\"name\":\"Tietosuojaseloste - Kotiautomaatio\",\"isPartOf\":{\"@id\":\"https:\/\/hyotynen.iki.fi\/kotiautomaatio\/#website\"},\"datePublished\":\"2019-11-08T12:11:46+00:00\",\"breadcrumb\":{\"@id\":\"https:\/\/hyotynen.iki.fi\/kotiautomaatio\/tietosuojaseloste\/#breadcrumb\"},\"inLanguage\":\"fi\",\"potentialAction\":[{\"@type\":\"ReadAction\",\"target\":[\"https:\/\/hyotynen.iki.fi\/kotiautomaatio\/tietosuojaseloste\/\"]}]},{\"@type\":\"BreadcrumbList\",\"@id\":\"https:\/\/hyotynen.iki.fi\/kotiautomaatio\/tietosuojaseloste\/#breadcrumb\",\"itemListElement\":[{\"@type\":\"ListItem\",\"position\":1,\"name\":\"Etusivu\",\"item\":\"https:\/\/hyotynen.iki.fi\/kotiautomaatio\/\"},{\"@type\":\"ListItem\",\"position\":2,\"name\":\"Tietosuojaseloste\"}]},{\"@type\":\"WebSite\",\"@id\":\"https:\/\/hyotynen.iki.fi\/kotiautomaatio\/#website\",\"url\":\"https:\/\/hyotynen.iki.fi\/kotiautomaatio\/\",\"name\":\"Kotiautomaatio\",\"description\":\"Kirjoituksia \u00e4lykodin viritt\u00e4misest\u00e4 ja muusta rakentelusta\",\"publisher\":{\"@id\":\"https:\/\/hyotynen.iki.fi\/kotiautomaatio\/#organization\"},\"potentialAction\":[{\"@type\":\"SearchAction\",\"target\":{\"@type\":\"EntryPoint\",\"urlTemplate\":\"https:\/\/hyotynen.iki.fi\/kotiautomaatio\/?s={search_term_string}\"},\"query-input\":{\"@type\":\"PropertyValueSpecification\",\"valueRequired\":true,\"valueName\":\"search_term_string\"}}],\"inLanguage\":\"fi\"},{\"@type\":\"Organization\",\"@id\":\"https:\/\/hyotynen.iki.fi\/kotiautomaatio\/#organization\",\"name\":\"Kotiautomaatio\",\"url\":\"https:\/\/hyotynen.iki.fi\/kotiautomaatio\/\",\"logo\":{\"@type\":\"ImageObject\",\"inLanguage\":\"fi\",\"@id\":\"https:\/\/hyotynen.iki.fi\/kotiautomaatio\/#\/schema\/logo\/image\/\",\"url\":\"https:\/\/hyotynen.iki.fi\/kotiautomaatio\/wp-content\/uploads\/2023\/03\/ThumbnailCog.png\",\"contentUrl\":\"https:\/\/hyotynen.iki.fi\/kotiautomaatio\/wp-content\/uploads\/2023\/03\/ThumbnailCog.png\",\"width\":500,\"height\":500,\"caption\":\"Kotiautomaatio\"},\"image\":{\"@id\":\"https:\/\/hyotynen.iki.fi\/kotiautomaatio\/#\/schema\/logo\/image\/\"},\"sameAs\":[\"https:\/\/www.youtube.com\/@tinkerer535\"]}]}<\/script>\n<!-- \/ Yoast SEO plugin. -->","yoast_head_json":{"title":"Tietosuojaseloste - Kotiautomaatio","robots":{"index":"index","follow":"follow","max-snippet":"max-snippet:-1","max-image-preview":"max-image-preview:large","max-video-preview":"max-video-preview:-1"},"canonical":"https:\/\/hyotynen.iki.fi\/kotiautomaatio\/tietosuojaseloste\/","og_locale":"fi_FI","og_type":"article","og_title":"Tietosuojaseloste - Kotiautomaatio","og_description":"Mit\u00e4 henkil\u00f6tietoa ker\u00e4t\u00e4\u00e4n ja miksi Kommentit Kun sivuston k\u00e4ytt\u00e4j\u00e4t j\u00e4tt\u00e4v\u00e4t kommentteja sivustolle, kommenttilomakkeessa olevat tiedot, sek\u00e4 k\u00e4ytt\u00e4j\u00e4n IP-osoitteen ja selaimen versiotiedot ker\u00e4t\u00e4\u00e4n roskaviestien tunnistamisen helpottamiseksi. S\u00e4hk\u00f6postiosoitteesta luotu anonymisoitu hajautustieto (hash) voidaan l\u00e4hett\u00e4\u00e4 Gravatar-palveluun, jotta tiedet\u00e4\u00e4n onko kommentoija palvelun k\u00e4ytt\u00e4j\u00e4. Gravatar-palvelun tietosuojaseloste l\u00f6ytyy osoitteesta https:\/\/automattic.com\/privacy\/. Media Mik\u00e4li lataat kuvia t\u00e4lle sivustolle, sinun tulee v\u00e4ltt\u00e4\u00e4 sellaisten kuvien lataamista, joissa on tallennettu paikkatieto (EXIF GPS). Sivuston vierailijat voivat ladata ja katsoa paikkatietoa kuvista, joita sivustolla on. Ev\u00e4steet Jos j\u00e4t\u00e4t kommentin sivustolle, voit valita... Read More Read More","og_url":"https:\/\/hyotynen.iki.fi\/kotiautomaatio\/tietosuojaseloste\/","og_site_name":"Kotiautomaatio","twitter_card":"summary_large_image","twitter_misc":{"Arvioitu lukuaika":"2 minuuttia"},"schema":{"@context":"https:\/\/schema.org","@graph":[{"@type":"WebPage","@id":"https:\/\/hyotynen.iki.fi\/kotiautomaatio\/tietosuojaseloste\/","url":"https:\/\/hyotynen.iki.fi\/kotiautomaatio\/tietosuojaseloste\/","name":"Tietosuojaseloste - Kotiautomaatio","isPartOf":{"@id":"https:\/\/hyotynen.iki.fi\/kotiautomaatio\/#website"},"datePublished":"2019-11-08T12:11:46+00:00","breadcrumb":{"@id":"https:\/\/hyotynen.iki.fi\/kotiautomaatio\/tietosuojaseloste\/#breadcrumb"},"inLanguage":"fi","potentialAction":[{"@type":"ReadAction","target":["https:\/\/hyotynen.iki.fi\/kotiautomaatio\/tietosuojaseloste\/"]}]},{"@type":"BreadcrumbList","@id":"https:\/\/hyotynen.iki.fi\/kotiautomaatio\/tietosuojaseloste\/#breadcrumb","itemListElement":[{"@type":"ListItem","position":1,"name":"Etusivu","item":"https:\/\/hyotynen.iki.fi\/kotiautomaatio\/"},{"@type":"ListItem","position":2,"name":"Tietosuojaseloste"}]},{"@type":"WebSite","@id":"https:\/\/hyotynen.iki.fi\/kotiautomaatio\/#website","url":"https:\/\/hyotynen.iki.fi\/kotiautomaatio\/","name":"Kotiautomaatio","description":"Kirjoituksia \u00e4lykodin viritt\u00e4misest\u00e4 ja muusta rakentelusta","publisher":{"@id":"https:\/\/hyotynen.iki.fi\/kotiautomaatio\/#organization"},"potentialAction":[{"@type":"SearchAction","target":{"@type":"EntryPoint","urlTemplate":"https:\/\/hyotynen.iki.fi\/kotiautomaatio\/?s={search_term_string}"},"query-input":{"@type":"PropertyValueSpecification","valueRequired":true,"valueName":"search_term_string"}}],"inLanguage":"fi"},{"@type":"Organization","@id":"https:\/\/hyotynen.iki.fi\/kotiautomaatio\/#organization","name":"Kotiautomaatio","url":"https:\/\/hyotynen.iki.fi\/kotiautomaatio\/","logo":{"@type":"ImageObject","inLanguage":"fi","@id":"https:\/\/hyotynen.iki.fi\/kotiautomaatio\/#\/schema\/logo\/image\/","url":"https:\/\/hyotynen.iki.fi\/kotiautomaatio\/wp-content\/uploads\/2023\/03\/ThumbnailCog.png","contentUrl":"https:\/\/hyotynen.iki.fi\/kotiautomaatio\/wp-content\/uploads\/2023\/03\/ThumbnailCog.png","width":500,"height":500,"caption":"Kotiautomaatio"},"image":{"@id":"https:\/\/hyotynen.iki.fi\/kotiautomaatio\/#\/schema\/logo\/image\/"},"sameAs":["https:\/\/www.youtube.com\/@tinkerer535"]}]}},"jetpack_sharing_enabled":true,"_links":{"self":[{"href":"https:\/\/hyotynen.iki.fi\/kotiautomaatio\/wp-json\/wp\/v2\/pages\/230","targetHints":{"allow":["GET"]}}],"collection":[{"href":"https:\/\/hyotynen.iki.fi\/kotiautomaatio\/wp-json\/wp\/v2\/pages"}],"about":[{"href":"https:\/\/hyotynen.iki.fi\/kotiautomaatio\/wp-json\/wp\/v2\/types\/page"}],"author":[{"embeddable":true,"href":"https:\/\/hyotynen.iki.fi\/kotiautomaatio\/wp-json\/wp\/v2\/users\/1"}],"replies":[{"embeddable":true,"href":"https:\/\/hyotynen.iki.fi\/kotiautomaatio\/wp-json\/wp\/v2\/comments?post=230"}],"version-history":[{"count":0,"href":"https:\/\/hyotynen.iki.fi\/kotiautomaatio\/wp-json\/wp\/v2\/pages\/230\/revisions"}],"wp:attachment":[{"href":"https:\/\/hyotynen.iki.fi\/kotiautomaatio\/wp-json\/wp\/v2\/media?parent=230"}],"curies":[{"name":"wp","href":"https:\/\/api.w.org\/{rel}","templated":true}]}}